number?
False
Let d(q) = 25*q**2 + 132*q - 306. Is d(41) composite?
True
Suppose 0 = -5*f - 592*h + 587*h + 3571655, -714315 = -f - 5*h. Is f a prime number?
False
Let o(k) = -97887*k + 1057. Is o(-2) a prime number?
True
Suppose -5*n + 8 + 17 = 0. Suppose 2*s - n = 3. Suppose -99 = -f + s*r, -f + r + 75 = 3*r. Is f a composite number?
False
Let s = -73 + 68. Let f(l) = -3*l**3 + 4*l - 11. Let a be f(s). Suppose -2*u + 114 = 4*z - a, -3*u = -z - 666. Is u composite?
False
Is 1398/(-4)*(12940/(-60) + 31) a prime number?
False
Suppose 289 = -2*b + 807. Let r = -2703 - -2705. Suppose -q - b = -r*q. Is q a composite number?
True
Suppose -15567966 - 12436756 = -41*a. Is a prime?
False
Let a be 18*(-2 + 1/1). Let l = a + 23. Suppose -l*s + 651 = 2*s. Is s a composite number?
True
Suppose 4*k + 3*u = 275966, 5*u + 393 = 383. Is k a prime number?
True
Suppose 24*w + 4951160 = -91*w + 22255555. Is w a prime number?
True
Let c = -15336 + 26169. Suppose 9*n - 10*n = 4*w - c, 5*n - 54275 = 2*w. Is n composite?
False
Suppose -124 = 9*j - 10*j. Let q = 39 + j. Suppose g - 6*w = -2*w + q, 2*w = 4*g - 652. Is g composite?
False
Let g(r) = -240125*r + 36. Is g(-1) composite?
True
Suppose -8*w - 113 = 47. Is (-80)/w*541/2 a composite number?
True
Let w(d) = -48*d**3 - 9*d**2 + 9*d - 43. Let l(m) = -47*m**3 - 11*m**2 + 7*m - 42. Let z(a) = 3*l(a) - 4*w(a). Is z(7) a composite number?
False
Let v(l) = -l**2 + 9*l + 27. Let b be v(11). Suppose 2*w = a - 2*w - 260, -494 = -2*a - b*w. Is (-2)/((-28)/6) + 426528/a composite?
False
Let l = 179073 + -50654. Is l a prime number?
False
Let h be 3*(-12)/(-1)*(-699)/12. Let n = 5696 + h. Is n prime?
False
Let w be (12591/27)/(14/6 - 2). Let k = w + 102. Is k a prime number?
False
Let v(r) = 770*r**2 + 20*r + 11. Is v(-4) a prime number?
True
Suppose 8514552 = 176*k - 25572952. Is k a composite number?
False
Let d(o) = -42 + 1 + 11 - 7 + 760*o. Is d(5) a composite number?
True
Let d be (6/6)/((-2)/(1 + -5)). Suppose 6*m - d*m = 0. Suppose m = 5*g - 597 + 127. Is g prime?
False
Let p(t) = 15500*t**2 - 3*t + 2. Suppose 22*v - 5 = 17. Is p(v) a prime number?
False
Suppose -161*g + 69*g + 31261508 = 0. Is g a composite number?
False
Suppose 7427*p = 3*f + 7425*p - 39581, 0 = -4*p - 4. Is f prime?
False
Suppose 9*f - 60033 = 12*f. Let j = -81 - f. Suppose -4*h + j = 6*h. Is h composite?
False
Suppose 3*t + 3*x = 143817, 11*t = 8*t - x + 143805. Is t composite?
False
Let n be (20 - -901)*(-7)/(-3). Suppose 9*v - 2*v = n. Is v a prime number?
True
Suppose 3*q + 4*i = 2*i + 10, -4*q - 3*i = -15. Suppose q*z - 6*z + 378 = 0. Suppose h = -4*b + 217, 351 = 2*h - 2*b - z. Is h prime?
False
Let v(m) = 5*m - 25. Let d(l) = -15*l + 74. Let t(r) = 2*d(r) + 7*v(r). Let a be t(6). Suppose -q - 5*h + 1351 = 0, 3*q + 1355 = 4*q + a*h. Is q prime?
True
Let y(f) = 188*f**2 - 379*f**2 + 6291 + 16513 + 18967 - 20*f + 190*f**2. Is y(0) a composite number?
False
Suppose -4*h + 30 = -238. Suppose -4*q - 557 = 4*z + h, 4*q - 5*z + 651 = 0. Let x = q + 398. Is x a prime number?
True
Let l(q) = -21*q - 143. Let b be l(-7). Suppose 2*r - 13*o + 8*o = 3371, b*r + 3*o = 6781. Is r a prime number?
True
Suppose 5*d - 5*i - 3 - 12 = 0, 0 = 3*d + i - 9. Let y = -839 - -843. Suppose 4*s - d = s, 2128 = y*l - 4*s. Is l composite?
True
Let c = -51998 + 73909. Is c composite?
False
Let x(j) = -324917*j - 32. Let o be x(-4). Suppose o = 45*i - 9*i. Is i prime?
False
Is 3819363/18 - 34/(-204) a prime number?
False
Suppose -138*o + 156*o = 293868. Is 5 + -3 + o + -21 a composite number?
True
Is (17 + 50/(-5) + 10701)/2 composite?
True
Is (-53 - -53) + (-1 - -8078) a prime number?
False
Let u(z) = 5*z**2 - z**2 + 2*z + 10*z**2 + 2*z**2 + 2. Let y be u(-1). Suppose y*s - 19*s = -1743. Is s a prime number?
False
Suppose -2*b + 225 + 235 = 0. Let v = b - 24. Let g = -111 + v. Is g composite?
True
Let k(g) = 36*g + 186. Let b be k(13). Let y = b + 373. Is y composite?
True
Let z be 11050/(-195)*2*(-1167)/2. Suppose 119*j = 109*j + z. Is j composite?
True
Let l(g) = 108*g**2 - 2*g - 57. Let t(k) = -3*k + 22. Let m be t(5). Is l(m) a prime number?
False
Let u(x) = 1041669*x**2 + 49*x + 51. Is u(-1) a prime number?
True
Suppose -8*x - 461 = -7*x. Let u = x + 854. Suppose u = -s + 2*s. Is s composite?
True
Let x(i) = 38*i**2 - 12*i - 3. Let s be x(24). Suppose -3*h + s = 288. Is h a composite number?
False
Suppose -5*k - h + 3 = -31, -4*k = h - 27. Suppose -6 = 4*n - k*n. Let f(p) = 4*p**3 + 2*p**2 - 2*p + 1. Is f(n) prime?
True
Let c = -489187 + 770304. Is c a composite number?
False
Let o be ((-3)/(-6))/((65/2270)/13). Let f = -4 + o. Is f composite?
False
Let d = -159 - -1044. Suppose -4*m = m - d. Suppose -2*o - 3*z + m = 2*z, -276 = -3*o + 3*z. Is o prime?
False
Suppose 5403*w - 5405*w + 11082 = 0. Is w a prime number?
False
Suppose 55123 = 2*z - 51417 - 52282. Is z prime?
True
Let x(g) = 3*g**3 - 2*g**2 - 4*g - 10. Let c be x(10). Let u = 6985 - c. Suppose 4*p + 10 = -6, -u = -5*y + 5*p. Is y a prime number?
False
Let l(f) = 1211*f**2 + 27*f - 159. Is l(6) a composite number?
True
Suppose 1038*s + 2309301 = 1047*s. Is s a composite number?
False
Suppose 0 = -u + 6*u, -12 = -3*j - 3*u. Suppose -f = l - 212, 0*l = -j*l - 2*f + 846. Is l composite?
False
Suppose 5*a + 4025 = -45535. Let m = a + 25481. Suppose i = -2*n + 6238, -3*i - m = -5*n + i. Is n a composite number?
True
Let n = -562694 + 1059027. Is n prime?
True
Let z(a) = 166*a + 1080. Let s be z(-82). Suppose 4*i = -x - 33, i + 7 + 2 = -x. Is (-1)/((-6)/i + 9403/s) a prime number?
False
Let n = 172709 + -98022. Is n a composite number?
False
Suppose -i = 31 - 7. Is (-100348)/i - (-10)/(-60) prime?
False
Let v be 2*-3*3/6. Let s(c) = 3*c + 1. Let a be s(v). Let y(f) = f**3 + 8*f**2 - 7*f + 11. Is y(a) a prime number?
True
Let b be -1 + (-6)/(-2) - -3. Suppose -5*f + 4*w = -35, 0 = w - b*w - 20. Suppose -f*x + 411 = g, -2*g + 889 = 2*x + 67. Is g prime?
False
Let x be 46/12 - (-3)/18. Suppose -5*v = -2*z - x*v + 12127, 2*z - 2*v - 12132 = 0. Suppose b = -0*b - 4*m + 1205, 2*m = -5*b + z. Is b a prime number?
True
Let l be -6*(-9 - 125)*(-22)/(-8). Let o = l - -422. Is o a prime number?
True
Suppose -3*u - 15 = -0*t - t, -32 = -3*t - 4*u. Let a = t + -14. Is ((-18)/54)/(a/516) a composite number?
True
Suppose -3*f - 5*i + 15 = 0, -f + 2*i = -0*f - 5. Is 2/((4/35)/(4078/f)) composite?
True
Suppose 17*p + 246052 - 2670609 = 0. Is p composite?
True
Suppose 3*w = 4*t - 548 + 3977, -3*w = -2*t - 1713. Let y(h) = 15*h**2 + 21*h + 13. Let d be y(-14). Let k = t + d. Is k composite?
False
Suppose 6*c = 17*c - 13950605 + 3839658. Is c composite?
True
Let y(r) = 44*r**2 - 7*r + 99. Let t be y(12). Suppose -2*g - 14*l + 12692 = -17*l, g + l - t = 0. Is g composite?
True
Suppose -o = -5*o + 3*z - 3343, -4*o - 3308 = 4*z. Suppose n + 31 = -5*y + 5*n, -10 = 2*y - n. Is y/(-5) + o/(-5) prime?
True
Let h = 448 - -1055. Suppose 2*i = 3*m - 11489 - h, 4*m - 17328 = 4*i. Suppose 3*b - 4333 = -4*c - 0*b, 0 = -4*c - 4*b + m. Is c composite?
False
Suppose 19*r - 24907 - 73475 = 0. Suppose -25*c = -28*c + r. Is c a composite number?
True
Is (-4474360)/40*(-2)/2 a prime number?
False
Let z = -4283 - -7362. Suppose 101*l = 102*l - z. Is l a composite number?
False
Is (1 - 1*-3385)*4/(-64)*-296 prime?
False
Let m(h) = -6*h**3 - 5*h**2 + 6*h + 27. Let u be m(-7). Suppose u = r - 903. Is r prime?
False
Suppose -7*p = 37*p + 4967873 - 18609941. Is p a composite number?
True
Let k be 19400/80*(1 + (-6)/(-10) + 0). Suppose v - 2*w + 129 = 0, -3*v - 2*w = -8*v - 653. Let a = k + v. Is a prime?
True
Let s(w) = 3430*w**3 - 6*w**2 + 9*w + 11. Let x be s(5). Suppose 115*v = 99*v + x. Is v prime?
False
Suppose 40*f - 35*f = 30. Let z be (-3*2 + 2)/(-2). Suppose -4*g = 16, z*v = f*v - g - 240. Is v a prime number?
True
Suppose 6*r + 233675 = 19*r. Suppose -24*g + 29*g - r = 0. Is g a composite number?
True
Suppose 5*n = 123051 + 186034. Is n a composite number?
True
Let k(f) = 57*f**3 + 29*f**2 - 44*f + 7. Is k(11) prime?
False
Let a = 33 - 30. Suppose 2*g = 3*c - 184, -141 = -5*c + a*c + 5*g. Is (c/(-6))/(5/(-165)) composite?
True
Let a = -414830 + 670471. Is a composite?
False
Let h = -132 - -147. Let j(g) = g**2 - 6*g - 52. Is j(h) prime?
True
Su